 digit of x?
0
Let o(v) = v - 12. Let l be o(7). Let a(q) = -2*q**2 - 7*q - 4. Let t be a(l). Let n = t - -56. What is the units digit of n?
7
Suppose -3*s + 3*l = -42 + 9, 0 = -s - 4*l - 14. Suppose 6*b = 41 + 13. Suppose s*n = b*n - 33. What is the units digit of n?
1
Let x = 4 + -5. Let n(h) = -h**2 - 4*h - 1. Let l(i) = -i - 1. Let g(p) = x*n(p) + 5*l(p). What is the units digit of g(-3)?
8
Let i(l) = -l + 9. Let h be i(7). Let y(k) = 13*k**h + 3*k**2 + 9*k - 8*k. What is the units digit of y(1)?
7
Suppose 6 = -3*o, 3*d - 2*d = -4*o + 457. Suppose i - 3*i + 3*a = -d, 4*i + 2*a = 906. What is the tens digit of i/9 - 1/3?
2
Let j be 3 + 3*(-1)/(-3). Suppose -z = -l - 26, -l + 2*z = j*z + 38. Let t = l - -57. What is the units digit of t?
7
Let p be (-1)/(-3) - (-10)/(-3). Let w(k) = -k - 1. Let o(a) = -9*a - 9. Let m(b) = o(b) - 5*w(b). What is the units digit of m(p)?
8
Suppose -2*a + 0*a + 490 = 0. What is the tens digit of a?
4
Let d(m) = m**3 + 21*m**2 + 29*m - 69. What is the tens digit of d(-19)?
0
Suppose -68 = 2*m + 2*m. Let t = -7 - m. Suppose 2*n - t = -2*w, -4*w + 2*n + 2*n + 44 = 0. What is the units digit of w?
8
Let p(g) = -g**2 - 7*g + 8. Let y be p(-7). Let t(w) = w**2 + 4*w - 9. Let q be t(-6). Suppose 0 = -u - q*z + y + 15, z = 3*u - 59. What is the tens digit of u?
2
Let i = -927 + 2178. What is the hundreds digit of i?
2
Suppose 7*w - 12879 - 3935 = 0. What is the thousands digit of w?
2
Suppose -22*g + 8717 = g. What is the hundreds digit of g?
3
Let h be (-1)/(2 + 0 + -1). Let y be h/6 - (-205)/6. Let g = y + -13. What is the units digit of g?
1
Let a(q) = q**2 - 2. Suppose l + 3*g + 4 = 3, 0 = 5*l - 5*g - 15. Let j be a(l). Suppose 0*c + j*c - 2 = 0. What is the units digit of c?
1
Suppose p - 1 - 9 = 0. Suppose p*c - 4*c = 1044. What is the units digit of c?
4
Let c(l) = 5*l - 10. Let y be c(3). Suppose 2*x - y*v - 154 = 0, 2*x - x - 4*v = 80. What is the units digit of x?
2
Suppose -57*h + 61*h = o - 3010, -4*h - 12040 = -4*o. What is the hundreds digit of o?
0
Let m(t) = t**3 - 2*t**2 - 2*t + 4. Suppose 4*y - 21 + 9 = 0. Let q be m(y). Let r = q + 14. What is the tens digit of r?
2
Suppose -2*l = -l - 12. Suppose -3 = -h - 5*i + 3, 0 = 2*h - 5*i - l. Let u = h - -6. What is the units digit of u?
2
Let k = 1922 - -609. What is the thousands digit of k?
2
Suppose -2*u - 4752 = -5*y, -u + 2849 = 2*y + y. What is the units digit of y?
0
Suppose -i + 2*i - 8 = 0. Let v be i/(-3)*(-3 + -3). Suppose 0 = v*t - 19*t + 39. What is the tens digit of t?
1
Suppose -14*c + c = -520. What is the units digit of (-1)/(-5) - (-8112)/c?
3
Suppose -72*g + 70*g = 0. Let t = g - -45. What is the tens digit of t?
4
Let q = -95 - -99. Suppose 0 = 3*k + 2*g - 113 - 376, q*g = -2*k + 318. What is the hundreds digit of k?
1
Let n(z) = 117*z**2 - 12*z + 32. What is the tens digit of n(-6)?
1
Let x(m) = 102*m + 73. What is the units digit of x(18)?
9
Suppose 0 = -73*n + 67*n + 1344. What is the hundreds digit of n?
2
Suppose j - 419 = -2*a, 2*a - 4*j - 258 - 166 = 0. What is the units digit of a?
0
Let z be 3 - (-7 + 9) - -3*9. Let p = z + 28. What is the units digit of p?
6
Suppose -4*n + 29 = o, -2*o = -0*o + 4*n - 46. Suppose -o*q + 5*q + 1524 = 0. What is the tens digit of q?
2
Let i(h) = -179*h - 9. Let t be i(-13). Suppose -5*s - t = -24*s. What is the units digit of s?
2
Let d = -30 - -18. What is the tens digit of 2*(-8)/d*21?
2
Suppose -4*u + b + 3095 = 0, 5*u - 3*b = b + 3866. What is the hundreds digit of u?
7
Suppose 50*y + 85920 - 277020 = 0. What is the hundreds digit of y?
8
Let g(t) = -7*t + 909. What is the hundreds digit of g(0)?
9
Suppose -5*j + 0*j + 11 = -2*t, 3*t - 5*j = -9. Suppose 5*w + 129 - 639 = 0. Suppose t*k = -k + w. What is the units digit of k?
4
Let s(i) = -35*i - 20. Let n be s(-18). Suppose -n - 62 = -4*w. What is the units digit of w?
8
Let s be 2/4 + (-287)/14. What is the units digit of (0 + -1 + s)*10/(-6)?
5
Let d be -4 - -3 - (4 + -9). Suppose -h = 2*h - r - 146, d*r = -2*h + 102. What is the units digit of h?
9
Let m = 7 - -3. Let x = 10 - m. Suppose a + 3*a - 40 = x. What is the units digit of a?
0
Suppose 3*f - 12 = -5*t + 13, -5 = -5*t + f. Suppose -9 - t = -s. What is the tens digit of s?
1
Let n be (21/6)/(-7)*268. Let h be (5/25 + -3)*30. Let g = h - n. What is the tens digit of g?
5
Let n(r) = 3*r**3 - 6 - 3*r**2 - 2*r**3 + 0*r**2. Suppose -15*t + 89 - 14 = 0. What is the units digit of n(t)?
4
Suppose -982 = -2*o + 2*b, b + 26 = 2*o - 953. What is the units digit of o?
8
Suppose 2*l - 5013 = d, d = -2*l + 3*d + 5014. What is the units digit of l?
6
What is the hundreds digit of 6/10 + 16544/10?
6
Let m be 3/36*4*-15. Let j be (16 - 5)*(-2 - m). Let v = j + -11. What is the tens digit of v?
2
Let k(p) = 20*p - 6*p + 2*p**2 - 11*p + 8. Let j be k(-4). What is the tens digit of (7/j)/((-2)/(-488))?
6
Let x = -4 + 7. Suppose 2*k = 4*h - x*k + 4, 4*h + 5*k = 36. Suppose 2*r + h = 136. What is the units digit of r?
6
Suppose 84*h - 85*h = -2. Suppose -h = -t - 0, t + 793 = 3*m. What is the tens digit of m?
6
What is the units digit of 14/4*96/(-56) + 4088?
2
Let v(w) = -101*w - 36. What is the hundreds digit of v(-5)?
4
What is the units digit of 721 - (22/4 - (-12)/(-8))?
7
Suppose 0 = -2*h + 5*a + 633, -3*a - 721 - 833 = -5*h. What is the tens digit of h?
0
Let d(v) = -2*v**3 - 13*v**2 - 3*v + 4. Let o be (-28)/(49/7) + -4 + 1. What is the tens digit of d(o)?
7
Let r be (-825)/(-6)*(-4)/(-5). Suppose 162 = 4*q - r. What is the tens digit of q?
6
Let m(k) = 119*k - 15. Let i be m(3). Suppose -15*a + 9*a + i = 0. What is the tens digit of a?
5
Suppose -32 = -3*u + 2*w + 127, -5*u + 290 = 5*w. What is the tens digit of u?
5
Suppose -6 = 9*l - 7*l, 2283 = 3*c + 3*l. What is the hundreds digit of c?
7
Suppose 3*j - 187 = 3*l + 2*l, 0 = -3*j + 2*l + 190. Let g = -54 + 93. Let x = j - g. What is the units digit of x?
5
Let z = 278 - 228. What is the tens digit of z?
5
Suppose 5*f + 66 = -84. What is the units digit of 3700/f*3/(-2)?
5
Suppose -4*h = -4*b + 3908, -2*b + 5*b + h = 2951. What is the units digit of b?
2
Let h be (-9)/(-12) + (-5)/(-4) + 1. Suppose -h*p + 284 = 62. What is the tens digit of p?
7
Let n = 22 + -14. Let p = n - -5. What is the units digit of p + (2 - 0 - 3)?
2
Suppose 3*f = 5*i + 1374, i + 2 - 5 = 0. What is the hundreds digit of f?
4
Suppose 2*z + 8 = -x - x, -23 = 4*z - 3*x. Suppose 0 = -b - 0*b + 21. Let j = b + z. What is the units digit of j?
6
Let y = 26 - 21. Suppose -p + y*n = 4*p + 5, -4*p = n - 16. What is the units digit of p?
3
Let o(t) = -2*t**3 - 4*t**2 + 10*t + 6. Let i be o(-5). Suppose 0*j = -j + i. What is the units digit of j?
6
Suppose -2*f = -3*f - 5*c, -4*c - 4 = 0. Suppose -338 = -3*q - k - 21, 0 = -f*q + 2*k + 521. What is the tens digit of q?
0
Let k be (-8)/(-4)*-37*(-1 + 0). What is the tens digit of k + (3 - (4 - -2)) + 2?
7
Let j(i) = i**3 - 8*i**2 + 6*i + 9. Let t be j(7). Suppose -t*f + 3 = -3, 4*o = 4*f - 28. What is the units digit of (o/(-10))/((-2)/(-70))?
4
Let t be -4 + (8 - 0) - 1*2. Suppose -p - 16 = -2*p + t*b, -3*p = 2*b - 16. What is the units digit of p?
8
Suppose -4*f = -5*h + 3*h - 20036, 2*f - 2*h = 10014. What is the hundreds digit of f?
0
Let z(x) be the third derivative of 1/60*x**5 + 2*x**2 + 0*x + 0 + 5/3*x**3 - 19/24*x**4. What is the units digit of z(19)?
0
Suppose 0 = -w - 3*v + 64, 3*w - 182 - 22 = 3*v. Let c = 150 + -22. Let d = c - w. What is the units digit of d?
1
Let z(d) = 19*d**3 - 2*d**2 + d. Let r be z(1). Suppose 4*n - r = 18. Suppose -36 + n = -3*u. What is the units digit of u?
9
Suppose 0*y - 393 = 5*d - 2*y, -y - 238 = 3*d. Let i = d + 161. What is the units digit of i?
2
Suppose -m + 2*k + 2128 = -k, -2*k = -2*m + 4248. What is the hundreds digit of m?
1
Suppose 10*s + 1078 = 21998. What is the hundreds digit of s?
0
Let z(k) = -82*k + 229. What is the tens digit of z(-2)?
9
What is the tens digit of (-7 + 106)*(1 - (-6)/(-9))?
3
Suppose 2*v = -2*s + 3*v + 10, 0 = -s + 3*v + 10. Let h be 2/(0 - (2 - s)). What is the tens digit of h*7/(14/36)?
1
Let h(z) = 11*z**3 + z**2 + 2*z - 2. Let j be h(2). Suppose -j = -3*a + 23. What is the tens digit of a?
3
Let s(n) be the first derivative of n**4/4 + n**3 - 5*n**2